{"id":21,"date":"2020-12-08T20:47:45","date_gmt":"2020-12-08T20:47:45","guid":{"rendered":"https:\/\/beatrix.sitter-liver.ch\/?page_id=21"},"modified":"2020-12-10T07:27:20","modified_gmt":"2020-12-10T07:27:20","slug":"publikationen","status":"publish","type":"page","link":"https:\/\/beatrix.sitter-liver.ch\/index.php\/biografie-und-einzelausstellungen\/publikationen\/","title":{"rendered":"Publikationen"},"content":{"rendered":"\n<p>Konrad Tobler. Beatrix Sitter-Liver, Werke 1958-2014. Till Schaap Edition. Bern 2014<\/p>\n\n\n\n<p>Florianne Koechlin. Jenseits der Blattr\u00e4nder &#8211; eine Ann\u00e4herung an Pflanzen. Lenos Verlag. Basel 2014<\/p>\n\n\n\n<p>Beat Stutzer. Welterfahrung in gr\u00f6sstm\u00f6glicher Freiheit: Zum Schaffen von Beatrix Sitter-Liver. B\u00fcndner Jahrbuch 2010. Chur 2009<\/p>\n\n\n\n<p>Elena Panchieri. Galerie Studio 10 a Zurigo. In: Italian News Zurigo. Dezember\/Januar 2008\/09<\/p>\n\n\n\n<p>Beatrix Sitter-Liver. Utopie und bildende Kunst. Untersucht an drei Beispielen der klassischen Moderne. In: Utopie heute. Band 2. Beat Sitter-Liver (Hrsg.). Academic Press. Fribourg 2007 <\/p>\n\n\n\n<p>Ecriture 63, revue litt\u00e9raire. &#8222;Nuits&#8220;. Bildteil. Lausanne, printemps 2004<\/p>\n\n\n\n<p>Konrad Tobler. Endoskopie &#8211; eine Bl\u00fctenlese. Beatrix Sitter-Liver, Fleurs int\u00e9rieures. Ausstellungskatalog Galerie Silvia Steiner Biel. 2004<\/p>\n\n\n\n<p>Beatrix Sitter-Liver. Drei Statements zum Zwiegespr\u00e4ch zwischen Kunst und Philosophie. Katja V. Taver, Kunst und Philosophie &#8211; zum Paper von Beatrix Sitter-Liver. In: Kunst und Philosophie. Karen Gloy (Hrsg.). Passagen Verlag Wien. 2003<\/p>\n\n\n\n<p>Juliana Schwager-Jebbink. Idiome &#8211; Bilder von Beatrix Sitter-Liver. In: Schweizer Monatshefte. Z\u00fcrich, Februar 2003<\/p>\n\n\n\n<p>Christoph Rehmann-Sutter. Fenster des Zufalls. Zum Bild ohne Titel 1995 von Beatrix Sitter-Liver. In: Neue \u00c4sthetik. Das Athmosph\u00e4rische in der Kunst. Ziad Mahayni (Hrsg.). Willhelm Fink Verlag. M\u00fcnchen 2002<\/p>\n\n\n\n<p>Italica, Raetica, Gallica. In honorem Ricarda Liver (F\u00fcnf Bildseiten). Peter Wunderli (Hrsg.). Franke Verlag. T\u00fcbingen, Basel 2001<\/p>\n\n\n\n<p>Biografisches Lexikon der Schweizer Kunst. Schweizerisches Institut f\u00fcr Kunstwissenschaft. Verlag NZZ. Z\u00fcrich und Lausanne 1998<\/p>\n\n\n\n<p>Hans Saner, Georg J. Dolezal, Anneliese Zwez. Beatrix Sitter-Liver. N\u00e4herungen. Ausstellungskatalog. Kunstmuseum Thun. 1997<\/p>\n\n\n\n<p>Marie Therese B\u00e4tschmann. Beatrix Sitter-Liver. Idiome, Zeichnungen 1993-1996. Ausstellungskatalog. Galerie Ramseyer &amp; Kaelin. Bern 1996<\/p>\n\n\n\n<p>Beat &amp; Beatrix Sitter-Liver. Culture within Nature. Proceedings of the Symposium Staged by the Swiss Academy of Humanities and Social Sciences at the Swiss Pavilion of Expo 92, World Exhibition in Seville, Spain. Wiese Verlag. Basel 1995<\/p>\n\n\n\n<p>Claudia Jaeckel, Helga Bickeb\u00f6ller. Natura Forte. K\u00fcnstlerwerkstatt Lothringerstrasse,M\u00fcnchen, und St\u00e4dtische Galerie Paderborn. M\u00fcnchen, Paderborn 1991<\/p>\n\n\n\n<p>K\u00fcnstlerverzeichnis der Schweiz 1980-1990. Schweizerisches Institut f\u00fcr Kunstwissenschaft. Verlag Huber. Frauenfeld 1991<\/p>\n\n\n\n<p>Hans Christoph von Tavel. Beatrix Sitter-Liver. Ausstellungskatalog. Kunstverein Biel. Biel \/ Bienne 1984<\/p>\n\n\n\n<p>Lexikon der zeitgen\u00f6ssischen Schweizer Kunst. Schweizerisches Institut f\u00fcr Kunstwissenschaften. Verlag Huber. Frauenfeld 1981<\/p>\n\n\n\n<p>Andr\u00e9 Kuenzi. La Nouvelle Tapisserie. Lausanne 1973, Paris 1981<\/p>\n\n\n\n<p><\/p>\n","protected":false},"excerpt":{"rendered":"<p>Konrad Tobler. Beatrix Sitter-Liver, Werke 1958-2014. Till Schaap Edition. Bern 2014 Florianne Koechlin. Jenseits der Blattr\u00e4nder &#8211; eine Ann\u00e4herung an Pflanzen. Lenos Verlag. Basel 2014 Beat Stutzer. Welterfahrung in gr\u00f6sstm\u00f6glicher&hellip;<\/p>\n","protected":false},"author":1,"featured_media":0,"parent":17,"menu_order":0,"comment_status":"closed","ping_status":"closed","template":"","meta":{"footnotes":""},"_links":{"self":[{"href":"https:\/\/beatrix.sitter-liver.ch\/index.php\/wp-json\/wp\/v2\/pages\/21"}],"collection":[{"href":"https:\/\/beatrix.sitter-liver.ch\/index.php\/wp-json\/wp\/v2\/pages"}],"about":[{"href":"https:\/\/beatrix.sitter-liver.ch\/index.php\/wp-json\/wp\/v2\/types\/page"}],"author":[{"embeddable":true,"href":"https:\/\/beatrix.sitter-liver.ch\/index.php\/wp-json\/wp\/v2\/users\/1"}],"replies":[{"embeddable":true,"href":"https:\/\/beatrix.sitter-liver.ch\/index.php\/wp-json\/wp\/v2\/comments?post=21"}],"version-history":[{"count":2,"href":"https:\/\/beatrix.sitter-liver.ch\/index.php\/wp-json\/wp\/v2\/pages\/21\/revisions"}],"predecessor-version":[{"id":149,"href":"https:\/\/beatrix.sitter-liver.ch\/index.php\/wp-json\/wp\/v2\/pages\/21\/revisions\/149"}],"up":[{"embeddable":true,"href":"https:\/\/beatrix.sitter-liver.ch\/index.php\/wp-json\/wp\/v2\/pages\/17"}],"wp:attachment":[{"href":"https:\/\/beatrix.sitter-liver.ch\/index.php\/wp-json\/wp\/v2\/media?parent=21"}],"curies":[{"name":"wp","href":"https:\/\/api.w.org\/{rel}","templated":true}]}}